9
What is the greatest common factor of 54 and 306?
18
Calculate the greatest common divisor of 147 and 3.
3
What is the greatest common divisor of 511 and 1387?
73
Calculate the greatest common divisor of 20628 and 540.
108
What is the greatest common divisor of 90 and 3960?
90
What is the highest common factor of 7015 and 460?
115
What is the highest common divisor of 15 and 1920?
15
Calculate the highest common factor of 336 and 210.
42
What is the greatest common factor of 47670 and 420?
210
What is the highest common divisor of 2562 and 70?
14
What is the greatest common divisor of 1088 and 34?
34
Calculate the greatest common factor of 187 and 11.
11
What is the greatest common factor of 192 and 8896?
64
Calculate the greatest common factor of 477 and 234.
9
What is the highest common divisor of 72 and 552?
24
Calculate the highest common factor of 118 and 2891.
59
Calculate the highest common divisor of 36 and 300.
12
Calculate the greatest common factor of 8 and 14768.
8
What is the greatest common divisor of 44 and 572?
44
What is the greatest common divisor of 92 and 6?
2
What is the greatest common divisor of 28335 and 15?
15
Calculate the greatest common factor of 356 and 6586.
178
What is the greatest common divisor of 891 and 44?
11
What is the highest common factor of 1 and 9694?
1
What is the greatest common factor of 208 and 182?
26
What is the greatest common factor of 782 and 4?
2
Calculate the greatest common divisor of 27 and 33.
3
What is the highest common factor of 56 and 288?
8
What is the highest common factor of 65 and 91?
13
Calculate the highest common factor of 156 and 364.
52
Calculate the highest common divisor of 10 and 4950.
10
What is the greatest common factor of 464 and 406?
58
Calculate the highest common factor of 26 and 3120.
26
What is the highest common factor of 19 and 36822?
19
Calculate the greatest common factor of 264 and 32076.
132
What is the greatest common divisor of 1421 and 29?
29
What is the greatest common factor of 627 and 2244?
33
Calculate the highest common divisor of 218 and 1853.
109
Calculate the greatest common divisor of 114 and 285.
57
Calculate the highest common factor of 306 and 135.
9
Calculate the highest common divisor of 14319 and 387.
387
Calculate the highest common factor of 495 and 605.
55
What is the highest common divisor of 416 and 64?
32
What is the highest common divisor of 279 and 682?
31
Calculate the greatest common factor of 177 and 4425.
177
What is the greatest common factor of 1891 and 61?
61
What is the greatest common divisor of 2 and 4?
2
Calculate the greatest common factor of 504 and 72.
72
Calculate the greatest common factor of 25 and 2400.
25
Calculate the highest common divisor of 225 and 25.
25
Calculate the greatest common divisor of 51 and 411.
3
Calculate the greatest common divisor of 61 and 21899.
61
What is the greatest common divisor of 495 and 715?
55
Calculate the greatest common divisor of 46 and 14352.
46
What is the greatest common divisor of 80 and 20?
20
Calculate the highest common factor of 658 and 14.
14
What is the greatest common factor of 100 and 90?
10
Calculate the highest common factor of 630 and 405.
45
What is the highest common divisor of 156 and 15756?
156
Calculate the greatest common divisor of 36 and 16.
4
Calculate the greatest common divisor of 28 and 63.
7
What is the highest common divisor of 4 and 20?
4
Calculate the greatest common divisor of 364 and 119.
7
Calculate the greatest common divisor of 266 and 14.
14
What is the highest common divisor of 10 and 770?
10
What is the greatest common factor of 1781 and 143?
13
What is the greatest common divisor of 5032 and 51?
17
What is the highest common divisor of 99 and 27?
9
What is the greatest common factor of 119 and 2550?
17
What is the highest common divisor of 18 and 138?
6
Calculate the greatest common divisor of 4947 and 582.
291
What is the greatest common divisor of 5785 and 5?
5
Calculate the greatest common divisor of 77 and 6391.
77
What is the greatest common factor of 1 and 81?
1
What is the greatest common divisor of 45 and 15?
15
Calculate the highest common factor of 32 and 28.
4
What is the greatest common factor of 3741 and 387?
129
What is the highest common factor of 970 and 10?
10
Calculate the greatest common factor of 128 and 2592.
32
Calculate the highest common divisor of 412 and 4.
4
What is the highest common divisor of 1261 and 26?
13
What is the highest common divisor of 3883 and 6001?
353
What is the greatest common factor of 543 and 42?
3
Calculate the highest common divisor of 36 and 768.
12
What is the greatest common factor of 520 and 12805?
65
What is the greatest common divisor of 78 and 26?
26
Calculate the greatest common divisor of 52 and 1651.
13
Calculate the highest common factor of 50 and 65.
5
What is the highest common divisor of 1363 and 94?
47
What is the greatest common divisor of 75 and 100?
25
Calculate the highest common factor of 108 and 16.
4
Calculate the highest common divisor of 483 and 49.
7
Calculate the greatest common factor of 3710 and 70.
70
Calculate the greatest common divisor of 564 and 120.
12
What is the greatest common factor of 77 and 99?
11
Calculate the highest common factor of 6616 and 88.
8
What is the greatest common divisor of 564 and 47?
47
Calculate the greatest common divisor of 589 and 342.
19
Calculate the highest common divisor of 2665 and 65.
65
Calculate the greatest common factor of 24 and 2166.
6
Calculate the highest common factor of 2187 and 9.
9
Calculate the greatest common factor of 753 and 6.
3
Calculate the highest common factor of 27 and 135.
27
Calculate the highest common factor of 165 and 275.
55
What is the highest common divisor of 464 and 144?
16
What is the highest common divisor of 2036 and 8?
4
What is the highest common factor of 814 and 74?
74
What is the greatest common factor of 100 and 20?
20
What is the highest common divisor of 8 and 88960?
8
What is the greatest common factor of 4928 and 392?
56
What is the highest common factor of 10 and 530?
10
What is the highest common factor of 1780 and 20?
20
What is the greatest common factor of 2075 and 25?
25
What is the highest common factor of 285 and 95?
95
What is the greatest common factor of 29425 and 107?
107
Calculate the highest common factor of 511 and 14.
7
What is the highest common divisor of 150 and 4600?
50
What is the highest common factor of 8 and 10?
2
Calculate the highest common divisor of 15 and 135.
15
Calculate the highest common factor of 53150 and 50.
50
Calculate the highest common factor of 36 and 20.
4
Calculate the greatest common factor of 378 and 27.
27
What is the highest common factor of 1647 and 122?
61
Calculate the greatest common factor of 545 and 763.
109
What is the greatest common divisor of 60 and 4230?
30
Calculate the greatest common factor of 6182 and 44.
22
What is the highest common divisor of 33 and 78243?
33
What is the greatest common divisor of 48 and 256?
16
What is the greatest common divisor of 84 and 294?
42
Calculate the greatest common factor of 52 and 689.
13
Calculate the highest common divisor of 4277 and 1001.
91
What is the greatest common divisor of 12 and 852?
12
Calculate the highest common factor of 49 and 13181.
49
Calculate the highest common factor of 153 and 782.
17
What is the greatest common divisor of 1534 and 4?
2
What is the highest common factor of 1040 and 240?
80
Calculate the highest common factor of 154 and 10142.
22
Calculate the highest common divisor of 170 and 663.
17
What is the greatest common factor of 22437 and 81?
81
What is the highest common factor of 168 and 1064?
56
Calculate the highest common divisor of 33 and 77.
11
What is the greatest common divisor of 24710 and 70?
70
Calculate the greatest common factor of 4 and 12.
4
What is the highest common divisor of 135 and 27?
27
Calculate the greatest common factor of 4440 and 480.
120
What is the highest common divisor of 1620 and 24?
12
What is the highest common divisor of 32 and 26?
2
Calculate the greatest common divisor of 147 and 168.
21
What is the greatest common divisor of 121 and 88?
11
Calculate the highest common factor of 71 and 10579.
71
What is the highe